{"id":97,"date":"2019-11-24T21:47:32","date_gmt":"2019-11-24T20:47:32","guid":{"rendered":"http:\/\/localhost\/meyers-landleben.de\/wordpress\/?page_id=97"},"modified":"2020-02-10T20:39:10","modified_gmt":"2020-02-10T19:39:10","slug":"unser-hof","status":"publish","type":"page","link":"https:\/\/www.meyers-landleben.de\/?page_id=97","title":{"rendered":"Unser Hof"},"content":{"rendered":"\n<h4 class=\"wp-block-heading\">Unser Hof<br>Ein Ort zum Wohlf\u00fchlen und Erholen<\/h4>\n\n\n\n<p>Eingebettet zwischen Hainleite und \nKyffh\u00e4user auf der s\u00fcdlichen Seite und dem Harz im Norden &#8211; liegt im \nweiten Urstromtal in der \u201eGoldenen Aue\u201c unser Hof am Ortsrand des Dorfes\n Windehausen. Auf dem landwirtschaftlichen Hof \u2013 eine Neugr\u00fcndung (seit \n1990) mit modernen Scheunen \u2013 betreiben wir Ackerbau und bieten f\u00fcr \nG\u00e4ste eine gro\u00dfz\u00fcgiges Ferienwohnung und ein separat stehendes \nHolzblockhaus f\u00fcr erholsamen Urlaub auf dem Land an. Damit sich unsere \nG\u00e4ste bei uns wie zu Hause f\u00fchlen k\u00f6nnen, haben wir bei der Einrichtung \nauf ein l\u00e4ndliches Ambiente sowie eine kinder- und familienfreundliche \nAustattung Wert gelegt.<\/p>\n\n\n\n<p>Auf dem weitl\u00e4ufigen Hofgel\u00e4nde mit einem liebevoll angelegten Garten  finden unsere G\u00e4ste eine gro\u00dfe Spielwiese mit verschiedensten  Spielm\u00f6glichkeiten f\u00fcr kleine und gro\u00dfe Kinder. Der von Findlingen  eingerahmte Grillplatz verf\u00fchrt zu jeder Jahreszeit zu genussvollen  Grillabenden und zum Erz\u00e4hlen am Lagerfeuer. Und zum Bach hin erstreckt  sich eine junge Obstwiese \u2013 ein Bl\u00fctenschmuck im Fr\u00fchling.<br>Nach einer Wanderung in die herrliche Gegend empfiehlt sich ein Gang in  die hofeigene Sauna, Wassertreten im Kneipp-Tretbecken oder eine  wohltuende Massage.<br>Kutschfahrten k\u00f6nnen organisiert werden. Und wer zur Erntezeit da ist, hat auch Gelegenheit zur Mitfahrt auf dem M\u00e4hdrescher.<\/p>\n\n\n\n<hr class=\"wp-block-separator is-style-wide\"\/>\n\n\n\n<div class=\"wp-block-columns is-layout-flex wp-container-core-columns-is-layout-1 wp-block-columns-is-layout-flex\">\n<div class=\"wp-block-column is-layout-flow wp-block-column-is-layout-flow\">\n<div class=\"wp-block-image text-align:center is-style-default\"><figure class=\"aligncenter size-large\"><a href=\"https:\/\/www.meyers-landleben.de\/?page_id=100\"><img loading=\"lazy\" decoding=\"async\" width=\"400\" height=\"266\" src=\"https:\/\/www.meyers-landleben.de\/wp-content\/uploads\/hof_1.jpg\" alt=\"\" class=\"wp-image-344\" srcset=\"https:\/\/www.meyers-landleben.de\/wp-content\/uploads\/hof_1.jpg 400w, https:\/\/www.meyers-landleben.de\/wp-content\/uploads\/hof_1-300x200.jpg 300w\" sizes=\"(max-width: 400px) 100vw, 400px\" \/><\/a><\/figure><\/div>\n\n\n\n<h4 class=\"wp-block-heading\">Landwirtschaft<br>Ackerbau und mehr<\/h4>\n\n\n\n<hr class=\"wp-block-separator\"\/>\n\n\n\n<p>Auf unserem Hof mit Ackerbau, modernen Scheunen und Kleintieren k\u00f6nnen Sie mehr \u00fcber die Landwirtschaft von heute erfahren.<\/p>\n\n\n\n<p>>> <a href=\"https:\/\/www.meyers-landleben.de\/?page_id=100\">mehr<\/a><\/p>\n<\/div>\n\n\n\n<div class=\"wp-block-column is-layout-flow wp-block-column-is-layout-flow\">\n<div class=\"wp-block-image is-style-default\"><figure class=\"aligncenter size-large\"><a href=\"https:\/\/www.meyers-landleben.de\/?page_id=103\"><img loading=\"lazy\" decoding=\"async\" width=\"400\" height=\"266\" src=\"https:\/\/www.meyers-landleben.de\/wp-content\/uploads\/hof_2.jpg\" alt=\"\" class=\"wp-image-346\" srcset=\"https:\/\/www.meyers-landleben.de\/wp-content\/uploads\/hof_2.jpg 400w, https:\/\/www.meyers-landleben.de\/wp-content\/uploads\/hof_2-300x200.jpg 300w\" sizes=\"(max-width: 400px) 100vw, 400px\" \/><\/a><\/figure><\/div>\n\n\n\n<h4 class=\"wp-block-heading\">Angebote \/ Leistungen<br>Das bieten wir<\/h4>\n\n\n\n<hr class=\"wp-block-separator\"\/>\n\n\n\n<p>Ob Kleinkindaustattung, Br\u00f6tchen-service und mehr &#8211; hier  erfahren Sie alles \u00fcber unsere Serviceleistungen und Angebote.<\/p>\n\n\n\n<p>>> <a href=\"https:\/\/www.meyers-landleben.de\/?page_id=103\">zu unseren Angeboten<\/a><\/p>\n<\/div>\n\n\n\n<div class=\"wp-block-column is-layout-flow wp-block-column-is-layout-flow\">\n<figure class=\"wp-block-image size-large\"><a href=\"https:\/\/www.meyers-landleben.de\/?page_id=107\"><img loading=\"lazy\" decoding=\"async\" width=\"400\" height=\"266\" src=\"https:\/\/www.meyers-landleben.de\/wp-content\/uploads\/401-1.jpg\" alt=\"\" class=\"wp-image-180\" srcset=\"https:\/\/www.meyers-landleben.de\/wp-content\/uploads\/401-1.jpg 400w, https:\/\/www.meyers-landleben.de\/wp-content\/uploads\/401-1-300x200.jpg 300w\" sizes=\"(max-width: 400px) 100vw, 400px\" \/><\/a><\/figure>\n\n\n\n<h4 class=\"wp-block-heading\">Bildergalerie<br>Unser Hof in Bildern<\/h4>\n\n\n\n<hr class=\"wp-block-separator\"\/>\n\n\n\n<p>Sie m\u00f6chten Sie gern einen \u00dcberblick verschaffen und wissen, was es bei  uns alles gibt? Verschaffen Sie sich einen Eindruck in der  Bildergalerie.<\/p>\n\n\n\n<p>>> <a href=\"https:\/\/www.meyers-landleben.de\/?page_id=107\">zur Bildergalerie<\/a><\/p>\n<\/div>\n<\/div>\n\n\n\n<p><\/p>\n","protected":false},"excerpt":{"rendered":"<p>Unser HofEin Ort zum Wohlf\u00fchlen und Erholen Eingebettet zwischen Hainleite und Kyffh\u00e4user auf der s\u00fcdlichen Seite und dem Harz im Norden &#8211; liegt im weiten Urstromtal in der \u201eGoldenen Aue\u201c unser Hof am Ortsrand des Dorfes Windehausen. Auf dem landwirtschaftlichen Hof \u2013 eine Neugr\u00fcndung (seit 1990) mit modernen Scheunen \u2013&#8230;<\/p>\n","protected":false},"author":1,"featured_media":0,"parent":0,"menu_order":2,"comment_status":"closed","ping_status":"closed","template":"","meta":{"footnotes":""},"yoast_head":"<!-- This site is optimized with the Yoast SEO plugin v23.0 - https:\/\/yoast.com\/wordpress\/plugins\/seo\/ -->\n<title>Unser Hof | Meyers Landleben auf dem Rosenhof<\/title>\n<meta name=\"description\" content=\"Bauernhofurlaub am Harz - Ferienhaus, Ferienwohnung auf dem Bauernhof mit Sauna, Spielplatz, Schwimmteich in Th\u00fcringen\" \/>\n<meta name=\"robots\" content=\"index, follow, max-snippet:-1, max-image-preview:large, max-video-preview:-1\" \/>\n<link rel=\"canonical\" href=\"https:\/\/www.meyers-landleben.de\/?page_id=97\" \/>\n<meta property=\"og:locale\" content=\"de_DE\" \/>\n<meta property=\"og:type\" content=\"article\" \/>\n<meta property=\"og:title\" content=\"Unser Hof | Meyers Landleben auf dem Rosenhof\" \/>\n<meta property=\"og:description\" content=\"Bauernhofurlaub am Harz - Ferienhaus, Ferienwohnung auf dem Bauernhof mit Sauna, Spielplatz, Schwimmteich in Th\u00fcringen\" \/>\n<meta property=\"og:url\" content=\"https:\/\/www.meyers-landleben.de\/?page_id=97\" \/>\n<meta property=\"og:site_name\" content=\"Meyers Landleben auf dem Rosenhof\" \/>\n<meta property=\"article:modified_time\" content=\"2020-02-10T19:39:10+00:00\" \/>\n<meta property=\"og:image\" content=\"https:\/\/www.meyers-landleben.de\/wp-content\/uploads\/hof_1.jpg\" \/>\n<meta name=\"twitter:card\" content=\"summary_large_image\" \/>\n<meta name=\"twitter:label1\" content=\"Gesch\u00e4tzte Lesezeit\" \/>\n\t<meta name=\"twitter:data1\" content=\"1\u00a0Minute\" \/>\n<script type=\"application\/ld+json\" class=\"yoast-schema-graph\">{\"@context\":\"https:\/\/schema.org\",\"@graph\":[{\"@type\":\"WebPage\",\"@id\":\"https:\/\/www.meyers-landleben.de\/?page_id=97\",\"url\":\"https:\/\/www.meyers-landleben.de\/?page_id=97\",\"name\":\"Unser Hof | Meyers Landleben auf dem Rosenhof\",\"isPartOf\":{\"@id\":\"https:\/\/www.meyers-landleben.de\/#website\"},\"primaryImageOfPage\":{\"@id\":\"https:\/\/www.meyers-landleben.de\/?page_id=97#primaryimage\"},\"image\":{\"@id\":\"https:\/\/www.meyers-landleben.de\/?page_id=97#primaryimage\"},\"thumbnailUrl\":\"https:\/\/www.meyers-landleben.de\/wp-content\/uploads\/hof_1.jpg\",\"datePublished\":\"2019-11-24T20:47:32+00:00\",\"dateModified\":\"2020-02-10T19:39:10+00:00\",\"description\":\"Bauernhofurlaub am Harz - Ferienhaus, Ferienwohnung auf dem Bauernhof mit Sauna, Spielplatz, Schwimmteich in Th\u00fcringen\",\"breadcrumb\":{\"@id\":\"https:\/\/www.meyers-landleben.de\/?page_id=97#breadcrumb\"},\"inLanguage\":\"de\",\"potentialAction\":[{\"@type\":\"ReadAction\",\"target\":[\"https:\/\/www.meyers-landleben.de\/?page_id=97\"]}]},{\"@type\":\"ImageObject\",\"inLanguage\":\"de\",\"@id\":\"https:\/\/www.meyers-landleben.de\/?page_id=97#primaryimage\",\"url\":\"https:\/\/www.meyers-landleben.de\/wp-content\/uploads\/hof_1.jpg\",\"contentUrl\":\"https:\/\/www.meyers-landleben.de\/wp-content\/uploads\/hof_1.jpg\",\"width\":400,\"height\":266},{\"@type\":\"BreadcrumbList\",\"@id\":\"https:\/\/www.meyers-landleben.de\/?page_id=97#breadcrumb\",\"itemListElement\":[{\"@type\":\"ListItem\",\"position\":1,\"name\":\"Startseite\",\"item\":\"https:\/\/www.meyers-landleben.de\/\"},{\"@type\":\"ListItem\",\"position\":2,\"name\":\"Unser Hof\"}]},{\"@type\":\"WebSite\",\"@id\":\"https:\/\/www.meyers-landleben.de\/#website\",\"url\":\"https:\/\/www.meyers-landleben.de\/\",\"name\":\"Meyers Landleben auf dem Rosenhof\",\"description\":\"\",\"publisher\":{\"@id\":\"https:\/\/www.meyers-landleben.de\/#\/schema\/person\/a97f739f0677688f47b84cba68fc5da0\"},\"potentialAction\":[{\"@type\":\"SearchAction\",\"target\":{\"@type\":\"EntryPoint\",\"urlTemplate\":\"https:\/\/www.meyers-landleben.de\/?s={search_term_string}\"},\"query-input\":\"required name=search_term_string\"}],\"inLanguage\":\"de\"},{\"@type\":[\"Person\",\"Organization\"],\"@id\":\"https:\/\/www.meyers-landleben.de\/#\/schema\/person\/a97f739f0677688f47b84cba68fc5da0\",\"name\":\"meyer\",\"image\":{\"@type\":\"ImageObject\",\"inLanguage\":\"de\",\"@id\":\"https:\/\/www.meyers-landleben.de\/#\/schema\/person\/image\/\",\"url\":\"https:\/\/www.meyers-landleben.de\/wp-content\/uploads\/logo_final.png\",\"contentUrl\":\"https:\/\/www.meyers-landleben.de\/wp-content\/uploads\/logo_final.png\",\"width\":3833,\"height\":515,\"caption\":\"meyer\"},\"logo\":{\"@id\":\"https:\/\/www.meyers-landleben.de\/#\/schema\/person\/image\/\"}}]}<\/script>\n<!-- \/ Yoast SEO plugin. -->","yoast_head_json":{"title":"Unser Hof | Meyers Landleben auf dem Rosenhof","description":"Bauernhofurlaub am Harz - Ferienhaus, Ferienwohnung auf dem Bauernhof mit Sauna, Spielplatz, Schwimmteich in Th\u00fcringen","robots":{"index":"index","follow":"follow","max-snippet":"max-snippet:-1","max-image-preview":"max-image-preview:large","max-video-preview":"max-video-preview:-1"},"canonical":"https:\/\/www.meyers-landleben.de\/?page_id=97","og_locale":"de_DE","og_type":"article","og_title":"Unser Hof | Meyers Landleben auf dem Rosenhof","og_description":"Bauernhofurlaub am Harz - Ferienhaus, Ferienwohnung auf dem Bauernhof mit Sauna, Spielplatz, Schwimmteich in Th\u00fcringen","og_url":"https:\/\/www.meyers-landleben.de\/?page_id=97","og_site_name":"Meyers Landleben auf dem Rosenhof","article_modified_time":"2020-02-10T19:39:10+00:00","og_image":[{"url":"https:\/\/www.meyers-landleben.de\/wp-content\/uploads\/hof_1.jpg"}],"twitter_card":"summary_large_image","twitter_misc":{"Gesch\u00e4tzte Lesezeit":"1\u00a0Minute"},"schema":{"@context":"https:\/\/schema.org","@graph":[{"@type":"WebPage","@id":"https:\/\/www.meyers-landleben.de\/?page_id=97","url":"https:\/\/www.meyers-landleben.de\/?page_id=97","name":"Unser Hof | Meyers Landleben auf dem Rosenhof","isPartOf":{"@id":"https:\/\/www.meyers-landleben.de\/#website"},"primaryImageOfPage":{"@id":"https:\/\/www.meyers-landleben.de\/?page_id=97#primaryimage"},"image":{"@id":"https:\/\/www.meyers-landleben.de\/?page_id=97#primaryimage"},"thumbnailUrl":"https:\/\/www.meyers-landleben.de\/wp-content\/uploads\/hof_1.jpg","datePublished":"2019-11-24T20:47:32+00:00","dateModified":"2020-02-10T19:39:10+00:00","description":"Bauernhofurlaub am Harz - Ferienhaus, Ferienwohnung auf dem Bauernhof mit Sauna, Spielplatz, Schwimmteich in Th\u00fcringen","breadcrumb":{"@id":"https:\/\/www.meyers-landleben.de\/?page_id=97#breadcrumb"},"inLanguage":"de","potentialAction":[{"@type":"ReadAction","target":["https:\/\/www.meyers-landleben.de\/?page_id=97"]}]},{"@type":"ImageObject","inLanguage":"de","@id":"https:\/\/www.meyers-landleben.de\/?page_id=97#primaryimage","url":"https:\/\/www.meyers-landleben.de\/wp-content\/uploads\/hof_1.jpg","contentUrl":"https:\/\/www.meyers-landleben.de\/wp-content\/uploads\/hof_1.jpg","width":400,"height":266},{"@type":"BreadcrumbList","@id":"https:\/\/www.meyers-landleben.de\/?page_id=97#breadcrumb","itemListElement":[{"@type":"ListItem","position":1,"name":"Startseite","item":"https:\/\/www.meyers-landleben.de\/"},{"@type":"ListItem","position":2,"name":"Unser Hof"}]},{"@type":"WebSite","@id":"https:\/\/www.meyers-landleben.de\/#website","url":"https:\/\/www.meyers-landleben.de\/","name":"Meyers Landleben auf dem Rosenhof","description":"","publisher":{"@id":"https:\/\/www.meyers-landleben.de\/#\/schema\/person\/a97f739f0677688f47b84cba68fc5da0"},"potentialAction":[{"@type":"SearchAction","target":{"@type":"EntryPoint","urlTemplate":"https:\/\/www.meyers-landleben.de\/?s={search_term_string}"},"query-input":"required name=search_term_string"}],"inLanguage":"de"},{"@type":["Person","Organization"],"@id":"https:\/\/www.meyers-landleben.de\/#\/schema\/person\/a97f739f0677688f47b84cba68fc5da0","name":"meyer","image":{"@type":"ImageObject","inLanguage":"de","@id":"https:\/\/www.meyers-landleben.de\/#\/schema\/person\/image\/","url":"https:\/\/www.meyers-landleben.de\/wp-content\/uploads\/logo_final.png","contentUrl":"https:\/\/www.meyers-landleben.de\/wp-content\/uploads\/logo_final.png","width":3833,"height":515,"caption":"meyer"},"logo":{"@id":"https:\/\/www.meyers-landleben.de\/#\/schema\/person\/image\/"}}]}},"_links":{"self":[{"href":"https:\/\/www.meyers-landleben.de\/index.php?rest_route=\/wp\/v2\/pages\/97"}],"collection":[{"href":"https:\/\/www.meyers-landleben.de\/index.php?rest_route=\/wp\/v2\/pages"}],"about":[{"href":"https:\/\/www.meyers-landleben.de\/index.php?rest_route=\/wp\/v2\/types\/page"}],"author":[{"embeddable":true,"href":"https:\/\/www.meyers-landleben.de\/index.php?rest_route=\/wp\/v2\/users\/1"}],"replies":[{"embeddable":true,"href":"https:\/\/www.meyers-landleben.de\/index.php?rest_route=%2Fwp%2Fv2%2Fcomments&post=97"}],"version-history":[{"count":6,"href":"https:\/\/www.meyers-landleben.de\/index.php?rest_route=\/wp\/v2\/pages\/97\/revisions"}],"predecessor-version":[{"id":684,"href":"https:\/\/www.meyers-landleben.de\/index.php?rest_route=\/wp\/v2\/pages\/97\/revisions\/684"}],"wp:attachment":[{"href":"https:\/\/www.meyers-landleben.de\/index.php?rest_route=%2Fwp%2Fv2%2Fmedia&parent=97"}],"curies":[{"name":"wp","href":"https:\/\/api.w.org\/{rel}","templated":true}]}}